1230121233
Convert -2011111012 (base 4) to base 15.
-abc2d
What is 10459976 (base 10) in base 15?
db93bb
Convert -206b290 (base 13) to base 14.
-1445714
Convert 44221011 (base 6) to base 9.
2438167
Convert 3bc3b (base 13) to base 5.
12040203
Convert -1470744 (base 10) to base 9.
-2681430
What is -2210442 (base 6) in base 12?
-53a22
72390 (base 10) to base 3
10200022010
57a84 (base 16) to base 4
1113222010
Convert 1434830 (base 9) to base 7.
6502602
What is -343b62 (base 13) in base 16?
-12dead
Convert -348a4 (base 13) to base 10.
-95957
-42046 (base 13) to base 5
-12244241
-7558 (base 10) to base 4
-1312012
Convert -a463ba (base 13) to base 11.
-21938a3
Convert 30112014 (base 5) to base 9.
403001
Convert 101111101111001011111 (base 2) to base 12.
6352a7
What is 12bc5b (base 13) in base 11?
290681
Convert 101001100000110111100 (base 2) to base 3.
2120010000002
Convert -8817701 (base 9) to base 16.
-484498
What is -7071042 (base 8) in base 14?
-367550
What is -10110010000110111 (base 2) in base 5?
-10404231
-1625171 (base 8) to base 2
-1110010101001111001
-1220112210 (base 3) to base 6
-445550
-40350 (base 9) to base 3
-1100101200
-100001001000111001 (base 2) to base 15
-2a342
Convert -2a0190b (base 12) to base 7.
-131636261
What is -a4d4c (base 16) in base 7?
-5511235
-20313020 (base 4) to base 12
-19008
Convert -12000033 (base 4) to base 10.
-24591
27256a2 (base 12) to base 8
35475632
Convert -301062 (base 9) to base 13.
-62cb1
What is 227a9a1 (base 13) in base 16?
a20b69
-4242520 (base 6) to base 13
-7388a
Convert -3144100322 (base 5) to base 9.
-13422170
What is 10211223 (base 4) in base 2?
100100101101011
Convert -2261410 (base 7) to base 16.
-454d8
Convert -374872 (base 11) to base 5.
-122421021
Convert 3851836 (base 13) to base 12.
5a8766a
Convert 12989a (base 11) to base 2.
110001101001111101
-1223022102 (base 4) to base 3
-211022002200
-52010524 (base 6) to base 15
-1e7c24
Convert 110011000001011 (base 2) to base 15.
7b18
a7980 (base 12) to base 15
45683
What is -2706428 (base 12) in base 6?
-433322452
Convert 1658045 (base 11) to base 14.
5364ad
2116885 (base 10) to base 8
10046425
-22222212212 (base 3) to base 11
-111036
1280f (base 16) to base 7
433652
What is -265350 (base 10) in base 15?
-53950
-179228 (base 11) to base 3
-112000022102
-11361568 (base 9) to base 16
-5469d7
-1000210 (base 3) to base 9
-1023
25344230 (base 6) to base 3
1112210102100
Convert 30603543 (base 7) to base 13.
6c106b
-112002122002222 (base 3) to base 10
-7492013
Convert 37354 (base 13) to base 15.
201ad
What is 22077 (base 14) in base 8?
240771
22012404 (base 5) to base 11
119675
-540325 (base 6) to base 9
-66548
What is 79702 (base 14) in base 3?
112222122021
-318b90 (base 13) to base 8
-4335410
-1122322231 (base 4) to base 14
-999db
222230312 (base 4) to base 3
22212220212
What is -11400 (base 15) in base 14?
-16016
Convert -2a7a877 (base 13) to base 7.
-223340454
6f7f0 (base 16) to base 8
1573760
Convert -1012201021021 (base 3) to base 5.
-131101103
-203431304 (base 5) to base 7
-10106602
What is -1100010100001101001 (base 2) in base 9?
-674521
Convert -10031120 (base 4) to base 10.
-17240
What is 1203531 (base 10) in base 15?
18b906
Convert 9d1dce (base 15) to base 14.
dd2c26
Convert 22020004 (base 5) to base 11.
1198a5
What is 9092 (base 15) in base 2?
111011100110000
Convert -2251a9 (base 11) to base 15.
-71254
55411 (base 12) to base 5
12103114
What is 727256 (base 11) in base 14?
225043
What is -30b51 (base 15) in base 11?
-a6028
1ca7 (base 13) to base 14
1838
14b79 (base 12) to base 3
1111020010
1211312231 (base 4) to base 5
101322242
What is 20b090a (base 14) in base 16?
ec421e
What is 1101e6 (base 16) in base 4?
10100013212
What is 1907a06 (base 11) in base 9?
6064764
1119174 (base 10) to base 11
6a4941
Convert -5c3229 (base 15) to base 6.
-234343433
Convert 100111221112102 (base 3) to base 14.
959154
What is 215777 (base 15) in base 16?
183ae1
What is 8ba872 (base 12) in base 14?
423490
Convert 1050202 (base 6) to base 3.
2200222202
Convert 1000103103 (base 4) to base 15.
53089
33454031 (base 6) to base 2
11111000100110000011
What is -25849 (base 12) in base 13?
-1a48a
What is -1a502 (base 14) in base 15?
-14c0d
Convert 6144243 (base 7) to base 16.
b326e
-b1116 (base 13) to base 15
-63bdb
Convert -3153034 (base 7) to base 12.
-165651
Convert -659411 (base 10) to base 14.
-13244b
Convert -1582243 (base 9) to base 4.
-3113003001
Convert 3242406 (base 8) to base 7.
10251250
3202013113 (base 4) to base 7
10605124
Convert -10120121220001 (base 3) to base 6.
-104433001
Convert 10103011 (base 6) to base 16.
4666f
Convert 11152020 (base 7) to base 12.
3a9900
Convert -5303342 (base 6) to base 15.
-513e5
322532112 (base 6) to base 8
25701554
-2d278f (base 16) to base 10
-2959247
Convert 2a549 (base 13) to base 9.
131656
Convert 10043201 (base 6) to base 7.
2300233
413211 (base 7) to base 9
117056
Convert -52604623 (base 7) to base 5.
-2120034123
What is 16414514 (base 8) in base 15?
503279
Convert 16262220 (base 7) to base 9.
2864856
Convert 131130020 (base 4) to base 10.
120584
What is 812a65 (base 12) in base 10?
2016365
Convert -159377 (base 11) to base 16.
-3c39a
-52044460 (base 7) to base 13
-b9a5aa
-13335b (base 13) to base 12
-1a4732
What is -b5771 (base 14) in base 10?
-437767
What is 10440422 (base 6) in base 8?
1151736
-63a636 (base 12) to base 13
-4311c9
Convert 121200200120 (base 3) to base 13.
b6712
35b2d0 (base 14) to base 16
1c0516
Convert 303132130 (base 4) to base 14.
56ba4
What is -7269699 (base 10) in base 11?
-4115918
What is 684671 (base 12) in base 5?
411313431
-49ab (base 16) to base 13
-8779
1100110000011111010101 (base 2) to base 3
20021220120111
What is -1448a8 (base 14) in base 11?
-441074
Convert 5e25e3 (base 15) to base 2.
10001001101111110110001
52423665 (base 7) to base 9
8285806
5688469 (base 10) to base 5
2424012334
What is 6c891 (base 15) in base 5?
42034221
Convert 100000100110011111110110 (base 2) to base 6.
503102102
603163 (base 7) to base 15
2032a
Convert -86528 (base 13) to base 2.
-111011001101110101
-21132023 (base 4) to base 15
-b765
-484b52 (base 15) to base 10
-3458552
-1332222004 (base 5) to base 14
-646695
233a246 (base 11) to base 12
144b388
-44305 (base 16) to base 5
-32414201
What is -1ae5d (base 15) in base 12?
-42851
Convert 110102121 (base 4) to base 2.
10100010010011001
-1013712 (base 9) to base 3
-1000110210102
-656846 (base 10) to base 4
-2200113032
-15355306 (base 7) to base 10
-1476082
474426 (base 8) to base 9
266277
Convert 4a194 (base 12) to base 7.
565642
Convert -1141420422 (base 5) to base 3.
-12001110010202
-506595 (base 11) to base 9
-1470468
Convert d0120 (base 15) to base 6.
22040020
What is 23113141 (base 5) in base 10?
207296
2ba63 (base 13) to base 2
10100010001110100
Convert -86c2 (base 14) to base 2.
-101101100000010
What is -3999801 (base 10) in base 4?
-33100200321
e2db1 (base 16) to base 3
1202012121212
Convert 10001111000100100111001 (base 2) to base 4.
101320210321
What is e09b1 (base 15) in base 16?
ad91d
What is 2042254 (base 6) in base 10?
99034
What is -1332535 (base 8) in base 14?
-9a4a1
-762519 (base 10) to base 4
-2322022113
Convert 65b5 (base 14) to base 12.
a22b
What is -1011001212 (base 3) in base 14?
-837b
What is -313022220 (base 4) in base 2?
-110111001010101000
What is -5a5280 (base 11) in base 12?
-3a2936
What is 4033143 (base 5) in base 6?
1215554
-112020210111222 (base 3) to base 4
-130321013012
Convert -4006146 (base 9) to base 12.
-868959
What is 1003130310 (base 4) in base 16?
43734
3962451 (base 10) to base 15
5340d6
-15704c (base 14) to base 13
-203003
Convert 3c64a2 (base 16) to base 2.
1111000110010010100010
Convert 11301 (base 10) to base 14.
4193
What is -1445379 (base 10) in base 15?
-1d83d9
What is -186836 (base 9) in base 10?
-116592
100af2 (base 16) to base 13
2aa723
What is 10100111110201 (base 3) in base 7?
21066160
-ab0c8 (base 14) to base 16
-65338
6457a6 (base 12) to base 14
2d3c50
What is 12566541 (base 9) in base 3?
102122020121101
Convert -104304221 (base 5) to base 7.
-3636014
Convert -121685 (base 9) to base 12.
-3661b
Convert -1005315 (base 7) to base 10.
-119523
112015b (base 13) to base 4
110003010231
-5a243 (base 12) to base 3
-20